{"id":1779,"date":"2020-06-13T12:29:56","date_gmt":"2020-06-13T09:29:56","guid":{"rendered":"https:\/\/www.techtex.ro\/?page_id=1779"},"modified":"2024-05-22T11:18:16","modified_gmt":"2024-05-22T08:18:16","slug":"dr-albert-protective-mask-cup","status":"publish","type":"page","link":"https:\/\/www.techtex.ro\/en\/products\/dr-albert-protective-mask-cup\/","title":{"rendered":"Protective Mask Cup"},"content":{"rendered":"\n<p>Clasa FFP3 NR<br>EN 149:2001+A1:2009<\/p>\n\n\n\n<p>PRODUCT COMPOSITION<br>The mask is made of non-woven textile material, 100% polypropylene and 100% polyester.<br>The fastening system consists of a metal band adjustable to the shape of the nose and adjustable elastic cords.<\/p>\n\n\n\n<p><\/p>\n\n\n\n<p><\/p>\n\n\n\n<p><\/p>\n\n\n\n<p><\/p>\n\n\n\n<p><\/p>\n\n\n\n<p class=\"has-white-color has-text-color\"><a href=\"https:\/\/dralbert.ro\/produse\/masca-de-protectie-respiratorie-impotriva-particulelor-cu-supapa\/\" target=\"_blank\" rel=\"noreferrer noopener\">Details\u00ae PROTECTIVE MASK CUP<\/a><\/p>\n","protected":false},"excerpt":{"rendered":"<p>Clasa FFP3 NREN 149:2001+A1:2009 PRODUCT COMPOSITIONThe mask is made of non-woven textile material, 100% polypropylene and 100% polyester.The fastening system consists of a metal band adjustable to the shape of the nose and adjustable elastic cords. Details\u00ae PROTECTIVE MASK CUP<\/p>\n","protected":false},"author":1,"featured_media":1763,"parent":453,"menu_order":0,"comment_status":"closed","ping_status":"closed","template":"","meta":{"footnotes":""},"yoast_head":"<!-- This site is optimized with the Yoast SEO plugin v24.5 - https:\/\/yoast.com\/wordpress\/plugins\/seo\/ -->\n<title>Protective Mask Cup - TechTex<\/title>\n<meta name=\"robots\" content=\"index, follow, max-snippet:-1, max-image-preview:large, max-video-preview:-1\" \/>\n<link rel=\"canonical\" href=\"https:\/\/www.techtex.ro\/en\/products\/dr-albert-protective-mask-cup\/\" \/>\n<meta property=\"og:locale\" content=\"en_US\" \/>\n<meta property=\"og:type\" content=\"article\" \/>\n<meta property=\"og:title\" content=\"Protective Mask Cup - TechTex\" \/>\n<meta property=\"og:description\" content=\"Clasa FFP3 NREN 149:2001+A1:2009 PRODUCT COMPOSITIONThe mask is made of non-woven textile material, 100% polypropylene and 100% polyester.The fastening system consists of a metal band adjustable to the shape of the nose and adjustable elastic cords. Details\u00ae PROTECTIVE MASK CUP\" \/>\n<meta property=\"og:url\" content=\"https:\/\/www.techtex.ro\/en\/products\/dr-albert-protective-mask-cup\/\" \/>\n<meta property=\"og:site_name\" content=\"TechTex\" \/>\n<meta property=\"article:publisher\" content=\"https:\/\/www.facebook.com\/pg\/TECHTEXRomania\" \/>\n<meta property=\"article:modified_time\" content=\"2024-05-22T08:18:16+00:00\" \/>\n<meta property=\"og:image\" content=\"https:\/\/www.techtex.ro\/wp-content\/uploads\/CUP-2026.png\" \/>\n\t<meta property=\"og:image:width\" content=\"980\" \/>\n\t<meta property=\"og:image:height\" content=\"530\" \/>\n\t<meta property=\"og:image:type\" content=\"image\/png\" \/>\n<meta name=\"twitter:card\" content=\"summary_large_image\" \/>\n<meta name=\"twitter:site\" content=\"@Techtex4\" \/>\n<meta name=\"twitter:label1\" content=\"Est. reading time\" \/>\n\t<meta name=\"twitter:data1\" content=\"1 minute\" \/>\n<script type=\"application\/ld+json\" class=\"yoast-schema-graph\">{\"@context\":\"https:\/\/schema.org\",\"@graph\":[{\"@type\":\"WebPage\",\"@id\":\"https:\/\/www.techtex.ro\/en\/products\/dr-albert-protective-mask-cup\/\",\"url\":\"https:\/\/www.techtex.ro\/en\/products\/dr-albert-protective-mask-cup\/\",\"name\":\"Protective Mask Cup - TechTex\",\"isPartOf\":{\"@id\":\"https:\/\/www.techtex.ro\/#website\"},\"primaryImageOfPage\":{\"@id\":\"https:\/\/www.techtex.ro\/en\/products\/dr-albert-protective-mask-cup\/#primaryimage\"},\"image\":{\"@id\":\"https:\/\/www.techtex.ro\/en\/products\/dr-albert-protective-mask-cup\/#primaryimage\"},\"thumbnailUrl\":\"https:\/\/www.techtex.ro\/wp-content\/uploads\/CUP-2026.png\",\"datePublished\":\"2020-06-13T09:29:56+00:00\",\"dateModified\":\"2024-05-22T08:18:16+00:00\",\"breadcrumb\":{\"@id\":\"https:\/\/www.techtex.ro\/en\/products\/dr-albert-protective-mask-cup\/#breadcrumb\"},\"inLanguage\":\"en-US\",\"potentialAction\":[{\"@type\":\"ReadAction\",\"target\":[\"https:\/\/www.techtex.ro\/en\/products\/dr-albert-protective-mask-cup\/\"]}]},{\"@type\":\"ImageObject\",\"inLanguage\":\"en-US\",\"@id\":\"https:\/\/www.techtex.ro\/en\/products\/dr-albert-protective-mask-cup\/#primaryimage\",\"url\":\"https:\/\/www.techtex.ro\/wp-content\/uploads\/CUP-2026.png\",\"contentUrl\":\"https:\/\/www.techtex.ro\/wp-content\/uploads\/CUP-2026.png\",\"width\":980,\"height\":530},{\"@type\":\"BreadcrumbList\",\"@id\":\"https:\/\/www.techtex.ro\/en\/products\/dr-albert-protective-mask-cup\/#breadcrumb\",\"itemListElement\":[{\"@type\":\"ListItem\",\"position\":1,\"name\":\"Acasa\",\"item\":\"https:\/\/www.techtex.ro\/en\/\"},{\"@type\":\"ListItem\",\"position\":2,\"name\":\"TECHTEX Products\",\"item\":\"https:\/\/www.techtex.ro\/en\/products\/\"},{\"@type\":\"ListItem\",\"position\":3,\"name\":\"Protective Mask Cup\"}]},{\"@type\":\"WebSite\",\"@id\":\"https:\/\/www.techtex.ro\/#website\",\"url\":\"https:\/\/www.techtex.ro\/\",\"name\":\"TechTex\",\"description\":\"Techtex este prima fabric\u0103 rom\u00e2neasc\u0103 de textile medicale \u0219i de igien\u0103.\",\"publisher\":{\"@id\":\"https:\/\/www.techtex.ro\/#organization\"},\"potentialAction\":[{\"@type\":\"SearchAction\",\"target\":{\"@type\":\"EntryPoint\",\"urlTemplate\":\"https:\/\/www.techtex.ro\/?s={search_term_string}\"},\"query-input\":{\"@type\":\"PropertyValueSpecification\",\"valueRequired\":true,\"valueName\":\"search_term_string\"}}],\"inLanguage\":\"en-US\"},{\"@type\":\"Organization\",\"@id\":\"https:\/\/www.techtex.ro\/#organization\",\"name\":\"TechTex\",\"url\":\"https:\/\/www.techtex.ro\/\",\"logo\":{\"@type\":\"ImageObject\",\"inLanguage\":\"en-US\",\"@id\":\"https:\/\/www.techtex.ro\/#\/schema\/logo\/image\/\",\"url\":\"https:\/\/www.techtex.ro\/wp-content\/uploads\/techtex-cover.jpg\",\"contentUrl\":\"https:\/\/www.techtex.ro\/wp-content\/uploads\/techtex-cover.jpg\",\"width\":1640,\"height\":720,\"caption\":\"TechTex\"},\"image\":{\"@id\":\"https:\/\/www.techtex.ro\/#\/schema\/logo\/image\/\"},\"sameAs\":[\"https:\/\/www.facebook.com\/pg\/TECHTEXRomania\",\"https:\/\/x.com\/Techtex4\",\"https:\/\/www.instagram.com\/techtexromania\/\",\"https:\/\/www.linkedin.com\/company\/techtex-romania\/\",\"https:\/\/www.youtube.com\/channel\/UCUp0uF2lDyuNy-IwG-x_FPQ\"]}]}<\/script>\n<!-- \/ Yoast SEO plugin. -->","yoast_head_json":{"title":"Protective Mask Cup - TechTex","robots":{"index":"index","follow":"follow","max-snippet":"max-snippet:-1","max-image-preview":"max-image-preview:large","max-video-preview":"max-video-preview:-1"},"canonical":"https:\/\/www.techtex.ro\/en\/products\/dr-albert-protective-mask-cup\/","og_locale":"en_US","og_type":"article","og_title":"Protective Mask Cup - TechTex","og_description":"Clasa FFP3 NREN 149:2001+A1:2009 PRODUCT COMPOSITIONThe mask is made of non-woven textile material, 100% polypropylene and 100% polyester.The fastening system consists of a metal band adjustable to the shape of the nose and adjustable elastic cords. Details\u00ae PROTECTIVE MASK CUP","og_url":"https:\/\/www.techtex.ro\/en\/products\/dr-albert-protective-mask-cup\/","og_site_name":"TechTex","article_publisher":"https:\/\/www.facebook.com\/pg\/TECHTEXRomania","article_modified_time":"2024-05-22T08:18:16+00:00","og_image":[{"width":980,"height":530,"url":"https:\/\/www.techtex.ro\/wp-content\/uploads\/CUP-2026.png","type":"image\/png"}],"twitter_card":"summary_large_image","twitter_site":"@Techtex4","twitter_misc":{"Est. reading time":"1 minute"},"schema":{"@context":"https:\/\/schema.org","@graph":[{"@type":"WebPage","@id":"https:\/\/www.techtex.ro\/en\/products\/dr-albert-protective-mask-cup\/","url":"https:\/\/www.techtex.ro\/en\/products\/dr-albert-protective-mask-cup\/","name":"Protective Mask Cup - TechTex","isPartOf":{"@id":"https:\/\/www.techtex.ro\/#website"},"primaryImageOfPage":{"@id":"https:\/\/www.techtex.ro\/en\/products\/dr-albert-protective-mask-cup\/#primaryimage"},"image":{"@id":"https:\/\/www.techtex.ro\/en\/products\/dr-albert-protective-mask-cup\/#primaryimage"},"thumbnailUrl":"https:\/\/www.techtex.ro\/wp-content\/uploads\/CUP-2026.png","datePublished":"2020-06-13T09:29:56+00:00","dateModified":"2024-05-22T08:18:16+00:00","breadcrumb":{"@id":"https:\/\/www.techtex.ro\/en\/products\/dr-albert-protective-mask-cup\/#breadcrumb"},"inLanguage":"en-US","potentialAction":[{"@type":"ReadAction","target":["https:\/\/www.techtex.ro\/en\/products\/dr-albert-protective-mask-cup\/"]}]},{"@type":"ImageObject","inLanguage":"en-US","@id":"https:\/\/www.techtex.ro\/en\/products\/dr-albert-protective-mask-cup\/#primaryimage","url":"https:\/\/www.techtex.ro\/wp-content\/uploads\/CUP-2026.png","contentUrl":"https:\/\/www.techtex.ro\/wp-content\/uploads\/CUP-2026.png","width":980,"height":530},{"@type":"BreadcrumbList","@id":"https:\/\/www.techtex.ro\/en\/products\/dr-albert-protective-mask-cup\/#breadcrumb","itemListElement":[{"@type":"ListItem","position":1,"name":"Acasa","item":"https:\/\/www.techtex.ro\/en\/"},{"@type":"ListItem","position":2,"name":"TECHTEX Products","item":"https:\/\/www.techtex.ro\/en\/products\/"},{"@type":"ListItem","position":3,"name":"Protective Mask Cup"}]},{"@type":"WebSite","@id":"https:\/\/www.techtex.ro\/#website","url":"https:\/\/www.techtex.ro\/","name":"TechTex","description":"Techtex este prima fabric\u0103 rom\u00e2neasc\u0103 de textile medicale \u0219i de igien\u0103.","publisher":{"@id":"https:\/\/www.techtex.ro\/#organization"},"potentialAction":[{"@type":"SearchAction","target":{"@type":"EntryPoint","urlTemplate":"https:\/\/www.techtex.ro\/?s={search_term_string}"},"query-input":{"@type":"PropertyValueSpecification","valueRequired":true,"valueName":"search_term_string"}}],"inLanguage":"en-US"},{"@type":"Organization","@id":"https:\/\/www.techtex.ro\/#organization","name":"TechTex","url":"https:\/\/www.techtex.ro\/","logo":{"@type":"ImageObject","inLanguage":"en-US","@id":"https:\/\/www.techtex.ro\/#\/schema\/logo\/image\/","url":"https:\/\/www.techtex.ro\/wp-content\/uploads\/techtex-cover.jpg","contentUrl":"https:\/\/www.techtex.ro\/wp-content\/uploads\/techtex-cover.jpg","width":1640,"height":720,"caption":"TechTex"},"image":{"@id":"https:\/\/www.techtex.ro\/#\/schema\/logo\/image\/"},"sameAs":["https:\/\/www.facebook.com\/pg\/TECHTEXRomania","https:\/\/x.com\/Techtex4","https:\/\/www.instagram.com\/techtexromania\/","https:\/\/www.linkedin.com\/company\/techtex-romania\/","https:\/\/www.youtube.com\/channel\/UCUp0uF2lDyuNy-IwG-x_FPQ"]}]}},"_links":{"self":[{"href":"https:\/\/www.techtex.ro\/en\/wp-json\/wp\/v2\/pages\/1779"}],"collection":[{"href":"https:\/\/www.techtex.ro\/en\/wp-json\/wp\/v2\/pages"}],"about":[{"href":"https:\/\/www.techtex.ro\/en\/wp-json\/wp\/v2\/types\/page"}],"author":[{"embeddable":true,"href":"https:\/\/www.techtex.ro\/en\/wp-json\/wp\/v2\/users\/1"}],"replies":[{"embeddable":true,"href":"https:\/\/www.techtex.ro\/en\/wp-json\/wp\/v2\/comments?post=1779"}],"version-history":[{"count":4,"href":"https:\/\/www.techtex.ro\/en\/wp-json\/wp\/v2\/pages\/1779\/revisions"}],"predecessor-version":[{"id":1830,"href":"https:\/\/www.techtex.ro\/en\/wp-json\/wp\/v2\/pages\/1779\/revisions\/1830"}],"up":[{"embeddable":true,"href":"https:\/\/www.techtex.ro\/en\/wp-json\/wp\/v2\/pages\/453"}],"wp:featuredmedia":[{"embeddable":true,"href":"https:\/\/www.techtex.ro\/en\/wp-json\/wp\/v2\/media\/1763"}],"wp:attachment":[{"href":"https:\/\/www.techtex.ro\/en\/wp-json\/wp\/v2\/media?parent=1779"}],"curies":[{"name":"wp","href":"https:\/\/api.w.org\/{rel}","templated":true}]}}

<!-- This site is optimized with the Yoast SEO plugin v24.5 - https://yoast.com/wordpress/plugins/seo/ -->
<title>Protective Mask Cup - TechTex</title>
<meta name="robots" content="index, follow, max-snippet:-1, max-image-preview:large, max-video-preview:-1" />
<link rel="canonical" href="https://www.techtex.ro/en/products/dr-albert-protective-mask-cup/" />
<meta property="og:locale" content="en_US" />
<meta property="og:type" content="article" />
<meta property="og:title" content="Protective Mask Cup - TechTex" />
<meta property="og:description" content="Clasa FFP3 NREN 149:2001+A1:2009 PRODUCT COMPOSITIONThe mask is made of non-woven textile material, 100% polypropylene and 100% polyester.The fastening system consists of a metal band adjustable to the shape of the nose and adjustable elastic cords. Details® PROTECTIVE MASK CUP" />
<meta property="og:url" content="https://www.techtex.ro/en/products/dr-albert-protective-mask-cup/" />
<meta property="og:site_name" content="TechTex" />
<meta property="article:publisher" content="https://www.facebook.com/pg/TECHTEXRomania" />
<meta property="article:modified_time" content="2024-05-22T08:18:16+00:00" />
<meta property="og:image" content="https://www.techtex.ro/wp-content/uploads/CUP-2026.png" />
	<meta property="og:image:width" content="980" />
	<meta property="og:image:height" content="530" />
	<meta property="og:image:type" content="image/png" />
<meta name="twitter:card" content="summary_large_image" />
<meta name="twitter:site" content="@Techtex4" />
<meta name="twitter:label1" content="Est. reading time" />
	<meta name="twitter:data1" content="1 minute" />
<script type="application/ld+json" class="yoast-schema-graph">{"@context":"https://schema.org","@graph":[{"@type":"WebPage","@id":"https://www.techtex.ro/en/products/dr-albert-protective-mask-cup/","url":"https://www.techtex.ro/en/products/dr-albert-protective-mask-cup/","name":"Protective Mask Cup - TechTex","isPartOf":{"@id":"https://www.techtex.ro/#website"},"primaryImageOfPage":{"@id":"https://www.techtex.ro/en/products/dr-albert-protective-mask-cup/#primaryimage"},"image":{"@id":"https://www.techtex.ro/en/products/dr-albert-protective-mask-cup/#primaryimage"},"thumbnailUrl":"https://www.techtex.ro/wp-content/uploads/CUP-2026.png","datePublished":"2020-06-13T09:29:56+00:00","dateModified":"2024-05-22T08:18:16+00:00","breadcrumb":{"@id":"https://www.techtex.ro/en/products/dr-albert-protective-mask-cup/#breadcrumb"},"inLanguage":"en-US","potentialAction":[{"@type":"ReadAction","target":["https://www.techtex.ro/en/products/dr-albert-protective-mask-cup/"]}]},{"@type":"ImageObject","inLanguage":"en-US","@id":"https://www.techtex.ro/en/products/dr-albert-protective-mask-cup/#primaryimage","url":"https://www.techtex.ro/wp-content/uploads/CUP-2026.png","contentUrl":"https://www.techtex.ro/wp-content/uploads/CUP-2026.png","width":980,"height":530},{"@type":"BreadcrumbList","@id":"https://www.techtex.ro/en/products/dr-albert-protective-mask-cup/#breadcrumb","itemListElement":[{"@type":"ListItem","position":1,"name":"Acasa","item":"https://www.techtex.ro/en/"},{"@type":"ListItem","position":2,"name":"TECHTEX Products","item":"https://www.techtex.ro/en/products/"},{"@type":"ListItem","position":3,"name":"Protective Mask Cup"}]},{"@type":"WebSite","@id":"https://www.techtex.ro/#website","url":"https://www.techtex.ro/","name":"TechTex","description":"Techtex este prima fabrică românească de textile medicale și de igienă.","publisher":{"@id":"https://www.techtex.ro/#organization"},"potentialAction":[{"@type":"SearchAction","target":{"@type":"EntryPoint","urlTemplate":"https://www.techtex.ro/?s={search_term_string}"},"query-input":{"@type":"PropertyValueSpecification","valueRequired":true,"valueName":"search_term_string"}}],"inLanguage":"en-US"},{"@type":"Organization","@id":"https://www.techtex.ro/#organization","name":"TechTex","url":"https://www.techtex.ro/","logo":{"@type":"ImageObject","inLanguage":"en-US","@id":"https://www.techtex.ro/#/schema/logo/image/","url":"https://www.techtex.ro/wp-content/uploads/techtex-cover.jpg","contentUrl":"https://www.techtex.ro/wp-content/uploads/techtex-cover.jpg","width":1640,"height":720,"caption":"TechTex"},"image":{"@id":"https://www.techtex.ro/#/schema/logo/image/"},"sameAs":["https://www.facebook.com/pg/TECHTEXRomania","https://x.com/Techtex4","https://www.instagram.com/techtexromania/","https://www.linkedin.com/company/techtex-romania/","https://www.youtube.com/channel/UCUp0uF2lDyuNy-IwG-x_FPQ"]}]}</script>
<!-- / Yoast SEO plugin. -->

Techtex este prima fabrică românească de textile medicale și de igienă.
